NOAA-Style Climate Reports

Select a Year or Month report
2024: Jan Feb Mar Apr May Jun Jul Aug Sep Oct Nov Dec
2023: Jan Feb Mar Apr May Jun Jul Aug Sep Oct Nov Dec

Report for 2024 April

Daily NOAA report




                            MONTHLY CLIMATOLOGICAL SUMMARY for APR. 2024

NAME:    CITY:  STATE: 
ELEV:  LAT:  LONG: 

                            TEMPERATURE ( °F), RAIN (in.), WIND SPEED (mph)

                                               HEAT     COOL           AVG
      MEAN                                     DEG      DEG            WIND                       DOM
DAY   TEMP    HIGH   TIME     LOW    TIME      DAYS     DAYS    RAIN   SPEED    HIGH    TIME      DIR
--------------------------------------------------------------------------------------------------------
01    35.7   042.3   15:57    29.0   03:32     29.3     00.0   00.00   01.3     08.1    16:24     NNE
02    38.4   046.0   16:47    33.6   07:57     26.5     00.0   00.00   02.1     14.9    23:35      N 
03    40.8   051.1   17:31    33.6   07:48     24.1     00.0   00.00   05.6     24.1    17:22     NNW
04    41.4   053.7   16:56    31.3   06:54     23.6     00.0   00.00   03.2     13.8    14:13      N 
05    36.2   040.0   00:00    26.2   07:07     28.7     00.0   00.00   01.0     13.8    15:52     ENE
06    48.0   060.0   15:56    32.0   07:06     17.0     00.0   00.00   03.9     20.7    15:54      E 
07    40.7   047.6   00:05    35.0   15:54     24.3     00.0   00.75   04.6     19.6    14:38     ENE
08    42.2   045.8   17:55    39.8   05:35     22.7     00.0   00.23   01.7     11.5    16:20      W 
09    48.2   060.9   15:08    39.4   07:41     16.8     00.0   00.01   02.2     18.4    14:56      SW
10    53.1   070.0   14:55    38.6   05:44     11.8     00.0   00.02   02.1     17.3    14:51     WSW
11    49.8   058.3   16:05    40.4   06:42     15.1     00.0   00.00   03.6     18.4    16:40      NW
12    49.3   060.8   15:40    38.7   06:56     15.7     00.0   00.00   03.4     18.4    12:14      NW
13    59.0   082.6   17:48    35.5   04:47     05.9     00.0   00.00   02.7     17.3    11:59     SSE
14    58.7   070.4   15:40    45.0   05:29     06.3     00.0   00.00   02.6     18.4    09:36      NW
15    54.8   065.6   16:50    44.4   06:49     10.1     00.0   00.00   02.0     12.7    23:42      NE
16    47.3   055.1   00:01    42.6   12:58     17.6     00.0   01.34   04.7     26.4    14:58     ENE
17    45.7   053.7   18:08    40.7   07:02     19.3     00.0   00.23   03.7     19.6    13:41      NW
18    42.3   046.3   11:49    37.2   00:00     22.6     00.0   00.00   05.0     24.1    18:47      W 
19    34.1   037.3   00:03    31.4   23:59     30.9     00.0   00.00   05.6     20.7    18:56      W 
20    37.3   048.1   16:10    28.8   03:04     27.6     00.0   00.03   04.0     17.3    17:15     WNW
--------------------------------------------------------------------------------------------------------
45.1 (45.5)   82.6  day 13     26.2  day 05   395.9    000.0   02.61   03.2     26.5   day 06     NNW
Min <  86: 20
Max Rain: 1.34 ON 16-04-24
Days of Rain: 7 (> .008in) 4 (> .08in) 1 (> 0.8in)